12.
11
Suppose -5*k = -3*t + 1 - 19, -4*k - 5*t = -44. Let f(d) = d**3 + 28*d**2 + 52*d + 17. Calculate the remainder when f(-26) is divided by k.
5
Suppose 5*c - 141 = 2*c. What is the remainder when c is divided by 10?
7
Let k be (-6 + 5)*(-17)/1. Suppose -4*o + 4 = -3*q, -4*o - 5 = -q - k. Let m = 3 + o. What is the remainder when 13 is divided by m?
6
Let r(y) = -y**3 + 3*y**2 - 2*y. Let c be r(3). Let u(s) = -s + 28. Let n be u(0). Calculate the remainder when 19 is divided by n/c*9/(-6).
5
Let p(v) = 11*v - 3. Let z = 56 - 42. Calculate the remainder when p(4) is divided by z.
13
Let h be 0 + -2 - (-6 - -7). Calculate the remainder when 77 is divided by 34/2 + (-9)/h.
17
Let k = 20 - 12. Let u = -62 + 123. Suppose 5*p = 20, -u - 12 = -3*d - p. Calculate the remainder when d is divided by k.
7
Suppose -8 = -0*w - 4*w. Suppose s - 5*s + 5*q = -79, -4*s - w*q = -86. Calculate the remainder when s is divided by 12.
9
What is the remainder when 4/26 + (-3342)/(-78) is divided by 11?
10
Let t(g) = 5*g - 3. Calculate the remainder when 63 is divided by t(5).
19
Suppose -3*u + z + 52 = 0, -4*z = -6*u + 2*u + 64. What is the remainder when u is divided by 6?
0
Let v(q) = 16*q**3 - 2*q**2 + q. Suppose -i = 2*i - 129. What is the remainder when i is divided by v(1)?
13
What is the remainder when 143 is divided by 510/14 + 54/(-126)?
35
What is the remainder when 13 - (0/2)/(-4) is divided by 8?
5
Let m = -11 - -15. Suppose -4*v + x = 3*x - 314, -x + 315 = m*v. Suppose -v = -2*z + 1. Calculate the remainder when z is divided by 14.
12
Let g be 3*1 - (3 + 0). Suppose g = -4*y - y. Suppose y*b + 18 = 3*b. What is the remainder when 11 is divided by b?
5
Let z(s) = -2*s - 9. Let f be z(-6). Let n(d) = 16*d - 2. What is the remainder when n(f) is divided by 16?
14
Let l be (-6)/(-9) + 483/(-9). Let t = 77 + l. Calculate the remainder when t is divided by 13.
11
What is the remainder when 37 is divided by 50/4 + 9/18?
11
Suppose 0 = 2*w + n, -4*w + w = -5*n - 13. Let u(k) = k**3 - 7*k**2 + 7*k. Let d be u(6). Calculate the remainder when 3/d*2*2 is divided by w.
0
What is the remainder when (15 - 4/4) + 3 is divided by 5?
2
Suppose q = -2*x - 4 + 28, q + 5*x = 24. Let y = 15 - q. What is the remainder when (-5 - y)*2/2 is divided by 3?
1
Let k(v) be the first derivative of -v**4/4 - 5*v**3/3 - v**2/2 - 4. Let y be k(-4). What is the remainder when (62/8)/((-3)/y) is divided by 11?
9
Let x(k) = -k**2 + 5*k + 4. Let o be x(5). Let u be 143/4 + o/16. Suppose 23 = 2*l + z, -2*z = -3*l + u + 16. What is the remainder when 27 is divided by l?
13
Suppose -3*w = -4*w + 49. Let p(q) = -q**2 - 8*q + 1. Calculate the remainder when w is divided by p(-6).
10
Suppose -i - 3*r + 0 + 3 = 0, -2*i + 18 = 3*r. Suppose n - i = -0*n. Calculate the remainder when n is divided by 6.
3
Suppose 3*v - 62 = k, 2*v + v - 46 = 5*k. Suppose 3*m = -0*n - n + v, -5*m = -n + 62. Calculate the remainder when n is divided by 13.
11
Let q be (-2)/12*-2*15. Suppose j = 1 - 0, 0 = q*s - 4*j - 61. Let k = s + -9. Calculate the remainder when 9 is divided by k.
1
Suppose 131*k - 134*k = -105. What is the remainder when k is divided by 24?
11
Suppose 4*p = -2*c - c - 1, -4*p = 4*c. Suppose 0 - 4 = -2*o. What is the remainder when o is divided by c?
0
What is the remainder when (-6)/27 + (-245)/(-9) is divided by 7?
6
Let h(s) = -18*s - 8. Calculate the remainder when 53 is divided by h(-2).
25
Calculate the remainder when ((-1)/2)/((-2)/164) is divided by ((-14)/6)/(7/(-42)).
13
Suppose 0*q + 19 = 2*q + 3*w, 4*w - 12 = 4*q. Let x = q - -8. Calculate the remainder when (-73 - -15)/(2/(-1)) is divided by x.
9
Let i = 12 - -18. What is the remainder when 149 is divided by i?
29
Let i be -2 + 3 + 6 + 3. Let a be i/15*(-27 + 0). Let k = a + 34. Calculate the remainder when k is divided by 6.
4
Let l(g) = g**2 - 1. Let z be l(0). Let t = z + 3. Let n = -1 + 3. What is the remainder when n is divided by t?
0
Let j be 4/(-14) + (-558)/(-42). Suppose -82 = -5*u + j. What is the remainder when u is divided by 5?
4
Suppose 2 = -2*k + 4*w + 90, -5*w + 9 = k. Calculate the remainder when 133 is divided by k.
31
Suppose 0 + 4 = 4*v. Suppose 4*t - 2*t - 2 = 0. Calculate the remainder when v is divided by t.
0
Let i(v) = -v**2 - v - 3. Let x be i(-5). Let n = -10 - x. What is the remainder when n is divided by 5?
3
Let b = -3 + -4. Let w = b - -30. Calculate the remainder when w is divided by 6.
5
Calculate the remainder when 98 - (-2)/8*0 is divided by 25.
23
Suppose -j - 4 = 0, -o + 4 + 408 = -j. Let q = o - 593. Let z = -123 - q. Calculate the remainder when z is divided by 21.
20
Suppose 2*p = -3*p + 10, -3*w = 5*p - 43. Let v = w - 1. Suppose 9 = z - v. What is the remainder when z is divided by 7?
5
Let m(u) = -u + 4. Let n be m(0). Suppose -n*c + 2 = -30. What is the remainder when c is divided by 3?
2
Let t be (34 - 0)/(6/15). Suppose 0 = -2*n + 33 + t. Calculate the remainder when n is divided by 20.
19
Let h(y) = -19*y**3. Let r be h(-1). Suppose 3*q - 35 = r. Calculate the remainder when 34 is divided by q.
16
Suppose -4*q + 5*q = 18. What is the remainder when (-4)/18 + 706/q is divided by 14?
11
Suppose o - 3*w = -3, -2*o - o + 9 = -3*w. Calculate the remainder when 15 is divided by o.
3
Let v(k) = 2*k - 8. Let c be v(6). Suppose -3*u = -4*b - c*u + 22, -2*b + 2*u = -16. What is the remainder when b is divided by 4?
2
Let c(k) = 53*k**3 - k**2. Suppose -2*s - 3*s = -4*y + 24, 2*y = -3*s + 12. Let o = -5 + y. What is the remainder when c(o) is divided by 18?
16
Let i(d) be the first derivative of 19*d**2/2 + 1. Calculate the remainder when i(1) is divided by 7.
5
Calculate the remainder when (205/5 - 3) + -4 is divided by 18.
16
Let i(j) = -92*j**3 - j**2 - 2*j - 2. Calculate the remainder when i(-1) is divided by 24.
19
Let t = 7 - 2. Suppose i - 8 = t. Calculate the remainder when i is divided by 4.
1
Let p(k) = k**3 + 5*k**2 + 2*k - 1. Let s = 163 - 161. Calculate the remainder when p(-2) is divided by s.
1
Suppose -5*d = 5*a - 25, 5*a + 0*d - 5*d - 35 = 0. Suppose -3*b - 39 = 2*u, -7 - 11 = b - u. Let k = b - -26. What is the remainder when k is divided by a?
5
Let j(r) be the first derivative of 9*r**2/2 + r + 3. What is the remainder when j(6) is divided by 19?
17
Suppose 4*c - 3*c - 7 = 3*z, -2*c = 5*z - 3. Let d be ((-4)/(-8))/(z/2). Let u(n) = 7*n**2 + n + 1. Calculate the remainder when 20 is divided by u(d).
6
Suppose 0 = -2*z - z. Calculate the remainder when 3 + (1 - z)*11 is divided by 8.
6
Suppose 10 = 3*u + d, 1 = 3*u - 4*u + 4*d. Suppose -4*x - 9 = -7*x. Calculate the remainder when u is divided by x.
0
What is the remainder when 39 is divided by -8*1/4*-5?
9
Suppose 0*y - 2*y = l - 6, 4*y + 38 = 3*l. Let t = 69 - 126. Let n = t + 85. Calculate the remainder when n is divided by l.
8
Let m be 2/(-4) - (-488)/16. Suppose 0 = -c - 2*c + m. Calculate the remainder when c is divided by 4.
2
Suppose -5*c + 140 = -0*c. Let n = c + -19. What is the remainder when 4 is divided by -2 + n + -3 + -1?
1
Suppose i = 5*d + 6, 5 = -2*d + i + 2*i. Let q = -72 + 123. Calculate the remainder when q is divided by 6/3 - (d + -10).
12
Let f = -120 - -125. Calculate the remainder when f is divided by 8/6*(-3)/(-2).
1
Let i(v) = -v**2 - 12*v - 15. Let w be i(-11). Let o(y) = 2*y**2 + 2*y - 5. Calculate the remainder when 74 is divided by o(w).
17
Let f(b) = -2*b**2 + 16*b - 13. What is the remainder when 40 is divided by f(6)?
7
Suppose 0 = -5*j + m + 4*m + 40, -2*j - m + 31 = 0. Calculate the remainder when 4/(-12) + 224/6 is divided by j.
11
Suppose -4*g + 3*t = -g + 9, -2*g + 14 = 2*t. Suppose 0 = q - 4*h + 20, 6*h - 28 = 3*q + g*h. Calculate the remainder when 16 is divided by (5 + -1)/(q/(-6)).
4
Let w(p) = 4*p + 0*p - 1 + 0 - 6*p. What is the remainder when 36 is divided by w(-10)?
17
Suppose 0 = -8*d - 9*d + 748. Let i(j) = -24*j**3 - 2*j**2 - j. What is the remainder when d is divided by i(-1)?
21
Suppose -2*t + 276 = 70. Let g = t - 72. Let c = 10 - -1. Calculate the remainder when g is divided by c.
9
Suppose -52 + 13 = -3*x. Let y be (-27)/(-12) - (-2)/(-8). Suppose 0 = -3*g + 5*r + 10, -2*g + 1 + 11 = y*r. Calculate the remainder when x is divided by g.
3
Let i = 23 - 1. Let p = 25 - i.